lse
Is 80767 a composite number?
True
Is 33249 composite?
True
Is 109159 a prime number?
True
Is 21701 prime?
True
Is 176173 a composite number?
True
Is 13649 composite?
False
Is 2071 prime?
False
Is 144023 composite?
True
Is 170743 a prime number?
False
Is 45457 composite?
True
Is 1691897 composite?
False
Is 16477 composite?
False
Is 4969 a composite number?
False
Is 527 composite?
True
Is 25013 a prime number?
True
Is 1169131 a composite number?
False
Is 437561 a prime number?
False
Is 7363 composite?
True
Is 3203 a composite number?
False
Is 55723 composite?
True
Is 34457 composite?
False
Is 2624509 composite?
True
Is 43201 composite?
False
Is 168101 a prime number?
False
Is 13501 prime?
False
Is 8457 a prime number?
False
Is 270563 prime?
True
Is 63029 a prime number?
True
Is 233021 a prime number?
True
Is 3169007 prime?
True
Is 3203 a prime number?
True
Is 6803 prime?
True
Is 7304173 a composite number?
False
Is 524497 a composite number?
False
Is 96839 a prime number?
False
Is 12877 a prime number?
False
Is 941971 a prime number?
True
Is 10223 a composite number?
False
Is 119869 a prime number?
True
Is 174863 composite?
True
Is 494677 prime?
True
Is 28459 a prime number?
False
Is 39815 a prime number?
False
Is 35477 a composite number?
True
Is 38635 prime?
False
Is 746 prime?
False
Is 770389 composite?
True
Is 56227 a composite number?
True
Is 2740889 a composite number?
False
Is 58889 a prime number?
True
Is 9287 a composite number?
True
Is 42641 a prime number?
True
Is 15727 prime?
True
Is 54767 prime?
True
Is 15947 prime?
False
Is 221843 a composite number?
True
Is 22339 composite?
True
Is 600779 composite?
True
Is 1384018 a composite number?
True
Is 8198 a prime number?
False
Is 170615 a prime number?
False
Is 7411 a prime number?
True
Is 22523 a prime number?
False
Is 15763 a composite number?
True
Is 79481 a composite number?
False
Is 91411 a composite number?
False
Is 239 a composite number?
False
Is 194201 a composite number?
True
Is 10973 composite?
False
Is 102587 a prime number?
True
Is 89477 a prime number?
True
Is 7903 a composite number?
True
Is 51089 a composite number?
True
Is 13751 a prime number?
True
Is 98317 composite?
False
Is 4853 a prime number?
False
Is 23417 composite?
False
Is 684485 a prime number?
False
Is 839 a composite number?
False
Is 560153 a composite number?
True
Is 26833 a prime number?
True
Is 745517 prime?
True
Is 517 prime?
False
Is 307009 a composite number?
False
Is 111583 composite?
True
Is 355753 prime?
True
Is 14687 a prime number?
False
Is 3977 prime?
False
Is 15607 a composite number?
False
Is 127 a prime number?
True
Is 21145 a composite number?
True
Is 9767 a prime number?
True
Is 18743 composite?
False
Is 29717 composite?
False
Is 275573 a prime number?
True
Is 134327 a prime number?
True
Is 18199 a prime number?
True
Is 23957 composite?
False
Is 90781 prime?
False
Is 248291 a composite number?
False
Is 8329 composite?
False
Is 39703 a prime number?
True
Is 343517 a composite number?
False
Is 25435 a prime number?
False
Is 5323 a composite number?
False
Is 733 prime?
True
Is 77117 a composite number?
True
Is 872923 a prime number?
True
Is 557301 prime?
False
Is 9791 prime?
True
Is 67289 composite?
False
Is 192823 a prime number?
False
Is 94273 a composite number?
False
Is 3410069 a prime number?
False
Is 74281 a prime number?
False
Is 50989 composite?
False
Is 3329 prime?
True
Is 3343 composite?
False
Is 26309 a composite number?
False
Is 22107 a composite number?
True
Is 6887 prime?
False
Is 11209 prime?
False
Is 16463 a composite number?
True
Is 169241 prime?
True
Is 15817 a composite number?
False
Is 145361 prime?
True
Is 14189 a prime number?
False
Is 101957 a prime number?
True
Is 9761 a composite number?
True
Is 1319 composite?
False
Is 35729 prime?
True
Is 93374 composite?
True
Is 1182581 a prime number?
True
Is 29629 a composite number?
False
Is 4103 a composite number?
True
Is 1568019 prime?
False
Is 519953 prime?
False
Is 13997 a prime number?
True
Is 32821 a composite number?
True
Is 32267 composite?
True
Is 35311 a composite number?
False
Is 266153 a prime number?
True
Is 150287 prime?
True
Is 1511 composite?
False
Is 303061 prime?
False
Is 1954 composite?
True
Is 2143313 composite?
False
Is 2749 a prime number?
True
Is 122345 prime?
False
Is 35299 a prime number?
False
Is 962233 a composite number?
False
Is 9197 a prime number?
False
Is 7201 composite?
True
Is 8641 composite?
False
Is 50213 a prime number?
False
Is 47413 a composite number?
True
Is 409007 a prime number?
True
Is 76451 composite?
True
Is 79579 a prime number?
True
Is 1707707 composite?
False
Is 135131 a composite number?
False
Is 99967 a composite number?
True
Is 33081 a prime number?
False
Is 378899 prime?
False
Is 84913 a prime number?
True
Is 28981 a composite number?
True
Is 125453 prime?
True
Is 268969 composite?
False
Is 2018 composite?
True
Is 7978 a composite number?
True
Is 628093 a prime number?
True
Is 3641 composite?
True
Is 9587 a composite number?
False
Is 245357 a composite number?
True
Is 73133 composite?
False
Is 13781 composite?
False
Is 15187 a composite number?
False
Is 9391 composite?
False
Is 12723 composite?
True
Is 2390411 a prime number?
True
Is 315653 a prime number?
False
Is 115487 a prime number?
False
Is 24233 composite?
True
Is 299357 composite?
False
Is 16707 prime?
False
Is 1999619 prime?
True
Is 2335 composite?
True
Is 509063 prime?
True
Is 245638 a prime number?
False
Is 568243 a composite number?
True
Is 233 a composite number?
False
Is 47417 composite?
False
Is 94019 a composite number?
True
Is 38659 prime?
False
Is 21967 a composite number?
True
Is 65165 prime?
False
Is 1418 a composite number?
True
Is 234833 a prime number?
True
Is 65497 a prime number?
True
Is 6119 a composite number?
True
Is 85067 a prime number?
False
Is 30539 a composite number?
False
Is 1181 composite?
False
Is 40839 a prime number?
False
Is 67009 a composite number?
True
Is 51533 a prime number?
False
Is 4861 prime?
True
Is 568199 prime?
False
Is 1361 composite?
False
Is 122557 a composite number?
False
Is 47831 a composite number?
True
Is 1565 a composite number?
True
Is 190699 a prime number?
True
Is 7621 composite?
False
Is 3785 a composite number?
True
Is 412771 a composite number?
False
Is 1271 a prime number?
False
Is 21635 composite?
True
Is 406661 a composite number?
False
Is 9034 a prime number?
False
Is 31469 a composite number?
False
Is 471997 composite?
False
Is 2175923 a composite number?
True
Is 624311 a prime number?
True
Is 1455577 a composite number?
True
Is 50441 composite?
False
Is 103951 a composite number?
False
Is 1559 a composite number?
False
Is 4127 a prime number?
True
Is 192667 a prime number?
True
Is 24689 composite?
True
Is 191561 prime?
True
Is 38105 a prime number?
False
Is 3683 a composite number?
True
Is 17291 prime?
True
Is 1189 prime?
False
Is 58503 a prime number?
False
Is 1341121 prime?
True
Is 7493 composite?
True
Is 12517 a prime number?
True
Is 2575487 prime?
True
Is 10349 prime?
False
Is 66337 prime?
True
Is 12389 prime?
False
Is 1365907 composite?
False
Is 9543 prime?
False
Is 454673 prime?
True
Is 9271 prime?
False
Is 205879 prime?
True
Is 16007 a prime number?
True
Is 70169 composite?
True
Is 1168523 a prime number?
True
Is 1942973 a composite number?
True
Is 544718 composite?
True
Is 28111 composite?
False
Is 106289 composite?
True
Is 214707 composite?
True
Is 193283 composite?
False
Is 10223 prime?
True
Is 782339 composite?
False
Is 108807 a composite number?
True
Is 112787 composite?
False
Is 129527 composite?
False
Is 36191 composite?
False
Is 211913 a composite number?
True
Is 11579 a prime number?
True
Is 52141 prime?
False
Is 5919 composite?
True
Is 4391 composite?
False
Is 142271 a composite number?
False
Is 1052998 a composite number?
True
Is 2719817 composite?
True
Is 604223 a prime number?
True
Is 5545 composite?
True
Is 21173 a composite number?
True
Is 346529 a composite number?
False
Is 103769 a composite number?
False
Is 30259 a prime number?
True
Is 3495851 a composite number?
False
Is 299543 composite?
True
Is 23186 a prime number?
False
Is 33 a composite number?
True
Is 19939 a prime number?
False
Is 6641 a composite number?
True
Is 78